4. Suppose w*i - 2 = -98. List the prime factors of (-9)/i + (-951)/(-12).
2, 5
Suppose 2*h + 2*a = 36, a - 6 = -4. Let b(q) = q**3 + 4*q**2 - 4. Let w be b(-4). Let p = w + h. List the prime factors of p.
2, 3
Let b = 34717 + -2170. List the prime factors of b.
3, 19, 571
List the prime factors of ((-2048)/640)/((6/(-50265))/1).
2, 3, 1117
Let o = -28664 - -44059. List the prime factors of o.
5, 3079
Suppose 3*r = -0*r - 15, -r = n - 18937. Suppose n = 5*o + i, -i = -3*o - 802 + 12164. What are the prime factors of 2/13 - o/(-52)?
73
Let q(b) = -259*b**3 + b**2 + 9*b + 24. List the prime factors of q(-3).
3, 2333
Suppose -5*v = 3*o - 46, -2*o + 2*v - 4*v = -24. Suppose 2*t + o = l - 0, 0 = 3*t - 5*l - 7. What are the prime factors of t/(-24)*14*776/14?
2, 97
Let f(l) = -2204*l**3 - 14*l**2 - 15*l - 28. What are the prime factors of f(-3)?
59399
Let l be 2/1*(-12)/10*10. What are the prime factors of 40*-30*(l/(-10))/(-6)?
2, 3, 5
Let t(m) = 47*m**2 - 47*m**2 + 24 - 12*m + 78*m**2. What are the prime factors of t(3)?
2, 3, 5, 23
List the prime factors of 2197762/42 + (-1)/(-3).
2, 31, 211
Let o = 5 + -47. Let s = -38 - o. What are the prime factors of (-1096)/(-72) + s/(-18)?
3, 5
Let a = 49 - 45. Let z be -5*(a - 57/15). List the prime factors of z/(4/(-92) + 0).
23
What are the prime factors of (1860/8 + 14)*20?
2, 5, 17, 29
Suppose x = 4*a - 80037, 2*x + 4391 = 3*a - 55633. What are the prime factors of a?
2, 3, 5, 23, 29
Let l(o) = -56*o + 19. Let f be l(-6). Suppose f = y - 82. List the prime factors of y.
19, 23
Suppose 3*d + 4*u = 2*d + 22, -2*u = -5*d + 44. Let x be (-741)/(-21) + d/(-35). Suppose v - 5 - x = 0. What are the prime factors of v?
2, 5
Suppose 0 = -89*a + 38513 - 243. What are the prime factors of a?
2, 5, 43
Suppose -7*h + 47*h = -20960. Let l = h - -1026. What are the prime factors of l?
2, 251
Let q be -9*1/((-7)/((-28)/(-12))). Let y(z) = 11*z**3 - 3*z**2 + z + 8. What are the prime factors of y(q)?
281
Let r(y) = -156*y - 54. What are the prime factors of r(-14)?
2, 3, 5, 71
List the prime factors of 1/(1/(-2)) - (59 - 9920) - -5.
2, 3, 137
Let m(k) = 17397*k - 422. What are the prime factors of m(1)?
5, 7, 97
Suppose -2 = -h - 5*q + 26, -2*h = 2*q - 24. Suppose -h*c + c + 2002 = 0. Suppose 5*b = c + 39. What are the prime factors of b?
5, 13
Let b(o) = 32604*o**2 - 60*o + 29. What are the prime factors of b(1)?
32573
Let c(i) = 207*i - 719. What are the prime factors of c(21)?
2, 907
Let w = 19 - 18. Let t(u) = 3*u + 1. Let m be t(w). Suppose -1063 = -m*s + 5*n - 168, -874 = -4*s - 2*n. List the prime factors of s.
2, 5, 11
Let u(l) = -25*l - 12 - 3 - 9. List the prime factors of u(-11).
251
Let i = -192 - -197. Suppose i*f + 5*y = 7*y + 1424, f + 2*y = 292. What are the prime factors of f?
2, 11, 13
Let y = -409 - -377. What are the prime factors of (-1 + 375)/((-16)/y)?
2, 11, 17
Let b be ((-252)/(-231))/(2/33). Suppose 29*g = b*g + 8690. What are the prime factors of g?
2, 5, 79
Suppose -5*q = -4*v - 658, -2*q + 250 = 6*v - v. Let m be q/30 + 3/(-9). Suppose 26 = -m*l + 662. List the prime factors of l.
3, 53
Let h(n) = 2*n**2 + 5*n - 26. Let y be h(-6). What are the prime factors of (-5 + y/4)*-289?
17
List the prime factors of (11/(-5))/(140/(-455) - (-178101)/578955).
11, 2969
Let w be -2*7*3/6*-115. Let u = w - 507. What are the prime factors of u?
2, 149
Let o(y) = 198*y**2 + 35*y - 873. What are the prime factors of o(19)?
2, 5, 7127
Suppose -3*b + 3*x = -66, 59 = -0*b + 2*b - 5*x. Suppose -z - b + 20 = 0, 0 = 5*u + 4*z - 1477. What are the prime factors of u?
293
Suppose -2*q = -9*q - 105. Let g = q - -17. Suppose -5*m = 10, -g*d - 248 = -4*d + 2*m. What are the prime factors of d?
2, 61
Suppose 63*s = 62*s + 1245. Suppose s = 2*r + 303. What are the prime factors of r?
3, 157
Let c = 63003 + -12674. What are the prime factors of c?
50329
Let q = 16 + -7. Suppose -f = -s + 6*s - 84, -q = -3*s. List the prime factors of 2 + (f - (-2 - -1)) + 0.
2, 3
Suppose 0 = -j - 2*t + 256, 5*j = t + 178 + 1080. Let h = -230 + j. List the prime factors of h.
2, 11
Let y(b) = 4*b + 25. Let j be y(-8). Let v be 2/4 + j/14. Suppose v = u - 41 + 9. List the prime factors of u.
2
Let g = -116 + 2226. What are the prime factors of g?
2, 5, 211
Let z be (-11)/(44/984) + -5. Let o = -66 - z. List the prime factors of o.
5, 37
Let d(o) = -291*o + 11. Let p be d(-3). Suppose 0 = 3*j + u - p, -j = -3*u - 142 - 156. List the prime factors of j.
5, 59
Suppose -17*m - 205137 = -528341. Suppose -43*y + 57*y = m. List the prime factors of y.
2, 7, 97
Let m(a) = 4*a + 37. Let v = 16 + -24. Let t be m(v). Suppose -j = -t*j + 184. List the prime factors of j.
2, 23
Let t be 5/35 - 395915/(-35). Suppose 13*l = -l + t. Suppose -16*z - l = -20*z. What are the prime factors of z?
2, 101
Let a(z) = -35*z + 367. What are the prime factors of a(-65)?
2, 1321
Suppose 57*k - 3*w = 52*k + 31075, 2*k + 5*w = 12399. List the prime factors of k.
2, 1553
Let o be (-55)/22*964/(-10) - 1. Let z = o + -183. List the prime factors of z.
3, 19
Let g(q) = q**3 - 31*q**2 + 33*q - 86. Let o be g(30). Suppose 0 = -f + 5*d + 521, o*f + 4*d = 3*f + 503. What are the prime factors of f?
7, 73
List the prime factors of ((-7668 - 0) + -1)/(127/(-254)).
2, 7669
Let y(s) = 3062*s**3 + 3*s - 3. Let l be y(1). Suppose -2108 = -11*o + l. List the prime factors of o.
2, 5, 47
Suppose 3*s - 12 = 0, -2*s + 133 = -3*g + 2*s. Let q = g - -34. What are the prime factors of 9/24*158 - q/(-20)?
59
Let h = 64246 - 43350. What are the prime factors of h?
2, 653
Let p(o) = o**2 + 8*o - 24. Let m(u) = -8*u**2 + 2 + u**3 - 5*u**3 + 2*u + 3*u**3 + 0. Let a be m(-8). What are the prime factors of p(a)?
2, 3, 5
Let g(u) = 7*u + 65. Let w be g(-9). What are the prime factors of -1*(-4)/8*w*571?
571
Suppose 4*s - s - 3*h = -9, 3*h - 6 = 0. Let c(g) = -g**2 + g + 1. Let l(m) = -159*m**2 - 4*m - 5. Let y(t) = -c(t) - l(t). What are the prime factors of y(s)?
7, 23
Let i(k) be the first derivative of k**3 + 9*k**2/2 + 15*k + 602. Suppose -g - 3*a - 7 = 1, -3*a - 32 = 4*g. What are the prime factors of i(g)?
3, 5
Suppose -3*l = -5*f + 83838, f + 12*l - 16768 = 13*l. What are the prime factors of f?
3, 23
Let n(a) = -7*a - 131. Let h be n(-21). Suppose 21525 = h*q + 2085. List the prime factors of q.
3, 5
Let y(k) = -332*k**2 - 5*k - 5. Let j be y(-1). Let q = j - -609. List the prime factors of q.
277
Let r(p) = -4*p + 46. Let l be r(11). Suppose l*j + 18 = 74. Suppose -38 = -4*m - 3*s + 74, m - j = -4*s. What are the prime factors of m?
2, 7
Suppose -2*l + 5 = -7. Let z(d) = d**3 - 5*d**2 + 3*d + 3. Let n be z(l). What are the prime factors of (-6)/n - (-3196)/38?
2, 3, 7
Let h(q) = 10*q**2 - 2*q + 56. Let w = -134 - -140. List the prime factors of h(w).
2, 101
Let k = 2678 + -2514. What are the prime factors of k?
2, 41
List the prime factors of (-24730689)/(-555) - 2/(-10).
2, 5, 557
Let g(w) = -w + 6. Let l be g(10). What are the prime factors of l - (-4 - (-5316)/(-6))?
2, 443
Suppose 2*c = -5*d + 19, 6 = -3*c - 4*d + 31. Suppose 15 = c*w - 34. List the prime factors of 67 - ((-2)/w)/(1/(-7)).
5, 13
Let n(f) = 43*f**2 + 3*f + 2. Let q(o) = -3*o + 1. Let y be q(-3). Let c = -11 + y. List the prime factors of n(c).
2, 3, 7
Let y = -55 + 958. Suppose -285 + y = d + 3*o, -4*o + 1240 = 2*d. List the prime factors of d.
2, 3, 13
Let q = -1211 + 3259. What are the prime factors of q?
2
Let k(j) be the second derivative of j**4/12 - 2*j**3 + 109*j**2/2 - 30*j. List the prime factors of k(8).
7, 11
List the prime factors of 21/(-210) - (-101073)/30.
3, 1123
Let n = -39 + 56. Let q be (-1)/(-3)*(-42 - -3). Let c = q + n. List the prime factors of c.
2
Suppose s = 4*k - 3791, 23*s - 20*s = -5*k + 4743. Suppose -2*o - 944 = -k. What are the prime factors of o?
2
Let o = -1008 + -571. What are the prime factors of (-60)/60*1*o?
1579
Suppose 0 = 2*a + 1 + 3, -2*z + 5*a = 54. Let r be ((-72)/z)/(6/(-16)). Let u(p) = -6*p - 7. List the prime factors of u(r).
29
Suppose -6*j = 16*j - 26444. Let m = -653 + j. What are the prime factors of m?
3, 61
Let m be 22/(-187) - (-618)/51. Let w = 8 + -2. Suppose -m*b + w*b + 534 = 0. List the prime factors of b.
89
Let j be (-2)/(-4) + (-50)/(-4). Suppose 1561*